 -2*w. Calculate the greatest common divisor of k and 19.
19
Let n(y) = y**3 - 10*y**2 + 33*y - 140. Let a be n(8). Let i be (a + 11/3)/((-8)/1632). What is the highest common divisor of 136 and i?
68
Let q(o) = 4*o**2 - o + 3. Let u be q(5). Let g = -3058 + 3073. Suppose u = g*f - f. Calculate the highest common factor of 77 and f.
7
Suppose o - f = 124, 2*o - 263 = -22*f + 27*f. Let t be (85 - 0/3)/1. Suppose -3*r = 2*r - t. What is the highest common factor of r and o?
17
Suppose n - 3 = -t, -8 = -2*t + 2*n - 5*n. Let r = t - -29. What is the highest common divisor of r and 210?
30
Let g(v) = 10*v - 7. Let p be g(4). Let u = p - 8. Let i = 138 - 113. What is the greatest common factor of u and i?
25
Suppose -2008 = a - 5964. Calculate the highest common divisor of a and 46.
46
Suppose -5*u + 10 = 0, -3*u + 133 = 3*q - 89. Calculate the highest common factor of 24 and q.
24
Let g be (-84)/(-6)*(-2 - 7). Let q = -16 - g. Suppose -2*b + 106 + q = 0. Calculate the greatest common divisor of b and 12.
12
Let n = 6103 - 5998. Calculate the highest common factor of n and 21.
21
Suppose a = -2, -3*s + 0*a = 5*a + 1. Let t(x) = x**2 - x - 2. Let w be t(s). Suppose 307 + 305 = w*y. What is the greatest common factor of 17 and y?
17
Let d = 110 - 106. Suppose 3*a = -v + 852, a - d*a = -v - 858. What is the highest common divisor of a and 57?
57
Suppose -23*m + 54578 - 10456 + 3120 = 0. Calculate the greatest common divisor of 632 and m.
158
Let m(y) be the second derivative of y**4/6 + 19*y**3/6 + 30*y**2 - 39*y + 1. Let g be m(-15). Calculate the highest common divisor of g and 9.
9
Let o(p) = -2*p**3 + 84*p**2 + 88*p - 38. Let h be o(43). What is the highest common factor of 200 and h?
8
Let f(r) = 4*r**2 + r - 5. Let n be f(-3). Let p = -27 + n. Let d(w) = 48*w**3 - 2*w**2 + 2*w. Let o be d(p). Calculate the greatest common factor of o and 12.
12
Let r(p) = 60*p - 2630. Let v be r(58). What is the highest common factor of v and 408?
34
Let m = -10 - -18. Let o = 182 + 119. Suppose -25*c = -1301 + o. Calculate the greatest common factor of c and m.
8
Suppose -31*k + 47*k = 208. Let s be 426/(k + -7) + 5. What is the greatest common factor of s and 209?
19
Let p(g) = 1 - 5*g**2 + 6*g**2 + 0. Let r(a) = -4*a**2 + 7*a - 14. Let q(t) = -3*p(t) - r(t). Let u be q(5). What is the highest common divisor of 5 and u?
1
Suppose -t + 19 = -0*t. Let d(b) = 2*b + 14. Let o be d(-8). Let m be 37 + o*(-3)/(-6)*-1. Calculate the greatest common divisor of t and m.
19
Suppose -6*m - 33 = -3*r + 24, 0 = 5*m + 20. What is the highest common factor of 2651 and r?
11
Suppose -4*q = 2*p - 6 - 10, 4*q + p = 12. Suppose -k + 5 + 1 = q*l, 2*k - 5*l = 48. What is the highest common divisor of 49 and k?
7
Suppose 4*b - 136 = 1004. Let q = b + -95. Let k = -134 + q. What is the highest common factor of 7 and k?
7
Let o be 2/8 - (-764)/16. Let a = -2349 - -2433. What is the highest common divisor of a and o?
12
Let n(l) = -2*l**3 - 4*l**2 - l + 2. Let k be n(-2). Suppose -152 + 52 = -k*s. Calculate the greatest common factor of s and 5.
5
Let k = -179 - -182. Let x(u) = 2*u**3 - 4*u**2 + 4*u. Let i be x(k). What is the greatest common divisor of 225 and i?
15
Let m = 42990 + -32490. What is the greatest common divisor of 63 and m?
21
Suppose -118*n + 129*n - 165 = 0. What is the highest common factor of n and 750?
15
Suppose h - 2 = 2*j, 3*j + 25 = -4*h + 77. Let b(m) = -m**2 + 8*m + 32. Let o be b(h). What is the highest common divisor of 8 and o?
4
Suppose f = 7*f - 144. Let l be 10/(-60) + 76/f. What is the greatest common divisor of l and 5?
1
Suppose 180 + 296 = -4*i. Let s = i + 151. Calculate the greatest common factor of 12 and s.
4
Suppose -42*n - 38*n + 170 = -70. What is the highest common factor of 6861 and n?
3
Suppose 176*n - 2435 - 1613 = 0. What is the highest common divisor of 736 and n?
23
Suppose -1688*u + 1691*u = 2*d - 2318, -5*d = -3*u - 5768. What is the greatest common divisor of 100 and d?
50
Suppose 5*z + 2*d - 1213 = 0, 11*d - 14*d = -z + 246. Let x be (-1 - -7)/(3/(z/6)). Calculate the highest common divisor of 54 and x.
27
Let m(r) = 2*r**2 + 10*r + 3. Let i be m(7). Let w = 15427 + -15408. Calculate the greatest common factor of w and i.
19
Let a = 141 + -137. Suppose 0 = a*v - 1 - 47. Suppose -16 = 8*t - v*t. Calculate the greatest common divisor of 1 and t.
1
Let s = -42 - -22. Let z = s - -17. Let f(l) = -4*l + 1. Let u be f(z). Calculate the highest common divisor of u and 91.
13
Suppose 5*c + 2*k + 20 = 0, -3*k - 15 = 4*c + 8. Let z(q) = q**2 - 8*q - 11. Let o be z(c). What is the greatest common factor of 171 and o?
9
Let j = -10 - -21. Let x be 38*(-7)/14*(11 + 3). Let k = x + 387. What is the greatest common factor of k and j?
11
Let f = 22 + -19. Let j be (0/(-1))/(7 + -9). Suppose 2*v + f*v - 2*g - 24 = j, 0 = v - 2*g - 8. Calculate the greatest common divisor of 1 and v.
1
Suppose 2*q + 4725 = 8*u - 4303, 3*q = 18. Calculate the highest common factor of u and 9266.
226
Suppose -5*q - 18*j = -14*j - 18, -q + 8 = 3*j. What is the greatest common divisor of 1276 and q?
2
Suppose 25 - 107 = -5*a - 2*w, 0 = w + 4. Suppose 12*p = a*p - 72. Let x be 7540/90 - 4/(-18). What is the highest common factor of x and p?
12
Let f = -1100 - -1115. What is the greatest common factor of f and 1635?
15
Suppose 26*b + 40*b - 470 = 19*b. Calculate the greatest common divisor of 7010 and b.
10
Let l be (-36876)/(-5) + (-13)/65. What is the highest common factor of l and 125?
125
Let v = -80 - -73. Let p be 52/v*(-210)/12. What is the greatest common factor of p and 65?
65
Suppose -2773 = -7*l + 43*n - 38*n, 2*n = -4*l + 1604. What is the highest common factor of l and 483?
21
Let f = 8150 - 7599. Calculate the greatest common divisor of 348 and f.
29
Let n be 6/(-6*(-2)/612). Let b = n - 201. Calculate the greatest common divisor of b and 42.
21
Let d be 24/10*(20 - 475/(-76)). Calculate the highest common divisor of d and 196.
7
Let g = 898 - 610. Calculate the greatest common divisor of g and 1656.
72
Let c be (4752/270)/(2*(-1)/50). Let d = -437 - c. Calculate the greatest common factor of d and 183.
3
Let d = 35726 + -33910. Calculate the highest common divisor of 5675 and d.
227
Suppose 5423*o = 255472 + 4832. Suppose -4*u + 393 = -159. What is the greatest common factor of o and u?
6
Let k be (-6)/14 + -7 + (-15894)/(-42). What is the greatest common factor of 21 and k?
7
Suppose 9 = c + n - 5*n, 0 = -3*c - n + 14. Suppose -3 = -x - 6, 5*x = c*q - 785. What is the highest common divisor of 14 and q?
14
Suppose 0 = -30*h + 31*h + 126. Let c be 8/6*h/(-28). Calculate the greatest common factor of c and 15.
3
Let l be (-91 + 87)*(0 + -2). Calculate the greatest common divisor of 4084 and l.
4
Suppose -356 = 30*j - 26*j. Let r = j - -193. What is the greatest common divisor of r and 13?
13
Let n(f) = 40*f - 80. Let j be n(4). Suppose 0 = 5*x - 2*l - 1010, -x = -7*l + 3*l - 220. Calculate the greatest common factor of j and x.
40
Suppose c + 2 = -c, 4*c - 396 = -5*w. Calculate the highest common divisor of w and 620.
20
Suppose -2*p + 12691 = k, 3*p + 0*p + 7*k = 18998. Calculate the greatest common factor of p and 14.
7
Suppose 2*t + 3*p - 4 = 0, -10*t - p + 6 = -9*t. Suppose 56 = 2*x + 2*x. Calculate the highest common divisor of t and x.
14
Suppose 3*u + 15 - 27 = -3. What is the greatest common divisor of 1119 and u?
3
Let u(b) = -125*b - 3. Let f be u(-1). Suppose 4*k - f + 20 = -t, 0 = 4*k + 8. Calculate the highest common factor of 30 and t.
10
Let l be (181/4 + -1)/(((-51)/(-492))/17). Calculate the highest common factor of l and 123.
123
Let c = 79 + 82. Let k = c - 65. Let o = 8 + 4. What is the greatest common factor of k and o?
12
Suppose -c = -7*c + 12. Let z be (c - 0)/(-2) + 35. Suppose 4*g = 3*u - z, -g + 10 = 4*g. Calculate the highest common divisor of u and 14.
14
Let l be 52/6 + (24/(-9) - -3). Let s(w) = 242*w**2 - 17*w. Let a be s(1). What is the greatest common divisor of l and a?
9
Suppose -12*q = -5436 + 5220. What is the greatest common factor of 2286 and q?
18
Suppose 386*r - 385*r - 5 = 0. Suppose 2*w - 3*t - 248 = 0, -4*w - r*t + 150 = -3*w. Calculate the highest common factor of 10 and w.
10
Let b be ((-51)/(-12))/(3/12)*1.